is the units digit of n?
2
Suppose 73 = p + 2*p - 5*a, 60 = 5*p + 4*a. What is the units digit of p?
6
Suppose 3*w - 6*j - 10 = -j, 5*w + j = -2. Suppose 0 = 3*t - 20 - 4. Suppose 2 + w = -p, p = -v + t. What is the tens digit of v?
1
Let y be (-63)/(-3)*(-1)/(-3). Suppose 3 = -4*r + y. Suppose 6 - r = 5*l. What is the units digit of l?
1
Let a = -5 + 4. What is the units digit of (a*1)/((-4)/8)?
2
Let m(z) = z**3 + z**2 + 4. Let r be m(0). Suppose 2*t - 5*k + 2 - 5 = 0, -2*k = -r*t + 14. Suppose -29 - 3 = -t*c. What is the units digit of c?
8
Let r(k) = -k**3 - k**2 - k - 4. What is the units digit of r(-4)?
8
Suppose -5*d = -2*x + 74, -x - 3*d = -0*x - 59. What is the tens digit of x?
4
Let l(o) be the first derivative of -o**4/12 + 7*o**3/6 + 2*o - 2. Let v(u) be the first derivative of l(u). What is the units digit of v(6)?
6
Let u(v) = -v**3 - 6*v**2 - 8*v + 4. What is the units digit of u(-7)?
9
Let i be -14*(3 + -1)/(-4). Let d(f) be the second derivative of f**4/12 - 7*f**3/6 + 5*f**2/2 - 3*f. What is the units digit of d(i)?
5
Let r(b) = -b**2 - 6*b - 2. Let o be r(-5). Suppose -3*u - o*t + 114 = 0, -t + 5*t + 121 = 3*u. What is the tens digit of u?
3
Let j(k) = k**3 + 3*k**2 - k. Let h be j(-3). Suppose -h = 3*s + 57. What is the tens digit of (s/15)/(3/(-36))?
1
Suppose 3*v + 4*f = 195, -v + f = -3*f - 49. What is the units digit of v?
1
Let p(y) be the first derivative of -1 + 1/4*y**4 + 2*y - 1/3*y**3 + 1/2*y**2. What is the units digit of p(2)?
8
Suppose 4 = 3*h - 2. Let x(v) = -v**2 + 5*v**h - v - v. What is the tens digit of x(2)?
1
Let j = 239 + -85. What is the units digit of j?
4
Suppose -w = 2*r - 18, 33 + 75 = 5*w + r. What is the units digit of w?
2
Let o = 174 - 50. What is the hundreds digit of o?
1
Let y(i) = i - 1. Let k(n) = -n + 4. Let t be k(3). Let u be y(t). Suppose u = -3*d + 5*d - 4. What is the units digit of d?
2
Let v(s) = -s**3 - s**2 + s + 10. Let k be v(0). Let z = k + -4. What is the units digit of z?
6
Suppose s = -4*s - 40. Let a(i) = i**2 + 9*i + 8. Let u be a(s). Suppose 4 = r - u*r. What is the units digit of r?
4
Let x(w) be the second derivative of -w**4/12 + 5*w**3/6 + 3*w**2 - 2*w. Let c be x(6). What is the units digit of (2 - c)/2*3?
3
What is the units digit of 3*8/6 - -115?
9
Suppose -5*s + 25 + 90 = 0. What is the tens digit of s?
2
What is the units digit of ((-620)/(-25))/((-4)/(-10))?
2
Let k(b) = b**2 - 6*b + 9. Let u be 35/10*(2 - 0). What is the tens digit of k(u)?
1
Let x(c) = 9*c - 1. Let d(g) = -4*g. Let z(t) = 2*t + 2. Let j be z(2). Let n(s) = j*x(s) + 13*d(s). What is the units digit of n(4)?
2
Let z(p) = -2*p + 6. Let c be z(3). Suppose 0 = 3*k - c*y - y - 22, -3*k + 38 = -5*y. What is the units digit of k?
6
Suppose -t + 3*b = -146, 5*b = -0*t - 3*t + 480. What is the units digit of t?
5
What is the tens digit of (20/6)/(10/30)?
1
Suppose -3*s + 5*w = 2*w + 3, 5*s - 4 = 2*w. Suppose o = -o + 5*q + 23, -6 = s*q. Suppose 2*z = o + 6. What is the units digit of z?
5
Let c be -14*(1 + (-6)/4). Suppose -3*o = 4*g - 17, 0 = 4*g - 3 + 19. Suppose c = 3*l - o. What is the units digit of l?
6
Suppose -3*q = 2*q - 15. Suppose -2*g + g + q = 0. What is the units digit of ((-6)/g)/(-2)*2?
2
Suppose -z = 3*z - 5*r - 91, 4*z = 4*r + 96. What is the tens digit of z?
2
Suppose 13*t - 2751 = -8*t. What is the units digit of t?
1
Let z(v) = 1 - v - v + 2*v**2 - v**2. What is the units digit of z(-3)?
6
Let t be (2 - 4)*9/(-6). Suppose -2*b + 10 = t*b. Suppose 3*d + 2 + 0 = -4*c, -4*d - 3*c = -b. What is the units digit of d?
2
Let n(h) = h**2 - 3*h + 3. Suppose -1 = j - 0. Let z be 3 + 2 + -2 + j. What is the units digit of n(z)?
1
What is the tens digit of 2 + (-1446)/(-7) + (-88)/154?
0
Let u = 35 - 16. What is the units digit of u?
9
Suppose 4*x + 5*i - 90 - 7 = 0, 3*i - 51 = -2*x. Suppose r + r - x = 0. Suppose -l = -0*l - r. What is the units digit of l?
9
Suppose -64 = -2*t - 2*t. Let j = t - -10. What is the units digit of j?
6
Suppose 0 = q - 21. What is the units digit of q?
1
Let x = 408 - 106. What is the hundreds digit of x?
3
Let w be (-4)/(-4)*(0 + 5). Suppose -z - z + 3*g = -15, -w*z = 2*g - 9. What is the units digit of z?
3
Suppose r + r - 10 = 0. What is the units digit of r?
5
Let u(r) = r + 2. Let a be u(-2). Suppose a = 2*w + w - 12. What is the units digit of w?
4
Let f be (-4)/(-4) - (-2)/2. Suppose 5*q + 3*b - 5 = -f*b, -5*b - 27 = -3*q. Let t(s) = 3*s + 1. What is the units digit of t(q)?
3
Let h(s) = s**3 + 2*s**2 + s - s**2 + 8 + 1. What is the units digit of h(0)?
9
Let a(u) = u**2 - 6*u - 4. Let j be a(7). What is the units digit of 2 + (-6)/j + 9?
9
Suppose -j = m, -5*m - 5*j - 8 = -4*m. Suppose 0 = -q + 2*q - 4. Suppose -20 = -m*r + q. What is the tens digit of r?
1
Suppose p = 5*a - 2 - 7, -p + 36 = 4*a. What is the tens digit of p?
1
Suppose 0 = 4*h - 3*y - 72, 3*h - 5*y = 7*h - 40. What is the tens digit of 3/h + (-447)/(-15)?
3
Suppose 0 = 3*i - 6 - 3. Suppose i*t = -0*t + 39. What is the tens digit of t?
1
Suppose -g - 2*i + 16 = 0, -i + 2*i = -2*g + 26. Suppose -2*o - 2 = -g. Suppose 5*q - 3*w - 45 = -o, -32 = -4*q + w. What is the units digit of q?
8
Suppose -15*r + 11*r = -308. What is the units digit of r?
7
Suppose 5*d = -5*m + 295, -m + 2*d + 0*d + 47 = 0. What is the units digit of m?
5
Suppose -68 = -2*u - 16. What is the tens digit of u?
2
Let i = 32 - 58. Let g = i + 46. What is the tens digit of g?
2
Let a = 14 - -239. What is the tens digit of a?
5
Suppose -3*j + 30 = -21. Let r = 2 + j. What is the units digit of r?
9
Let k = 12 - 12. Let l(t) = -t**3 + t**2 + 6. What is the units digit of l(k)?
6
Suppose 100 + 195 = 5*o. What is the units digit of o?
9
Let x = 8 - 5. Let h(w) = -w - 1. Let t be h(x). What is the units digit of 6/t*(-30)/9?
5
Suppose -2*w - 522 = -5*w. What is the units digit of w?
4
Let i be (1*-1)/((-4)/16). Suppose -234 = -4*s - s - i*k, 4*s = 4*k + 180. Suppose p + 2*g - 12 = 3*g, -3*g = -4*p + s. What is the tens digit of p?
1
Suppose 4*p + 8*d = 6*d + 226, -2*p + 3*d = -133. What is the tens digit of p?
5
Suppose -107 = -2*f - 5*t, 2*t - 5*t + 221 = 4*f. What is the units digit of f?
6
Let w(y) = -2*y**2 + y + 36. What is the tens digit of w(0)?
3
Suppose -5*o + 4*d = -0*o - 135, 0 = -3*o - 4*d + 81. Let v = 40 - o. What is the tens digit of v?
1
What is the hundreds digit of 206*(-1)/4*-2?
1
Let u be ((-4)/2)/((-2)/1). Suppose -11 - u = -2*n. What is the units digit of n?
6
Let d(q) = 2*q - 10. Let u be d(9). Suppose -3*s = 2 - u. What is the units digit of ((-22)/(-8))/(s/8)?
1
Let n = -22 - -22. Suppose n = -0*b + 2*b - 4. What is the units digit of b?
2
Suppose -4*w + 5*s + 50 = 3*s, 3*w = 2*s + 38. Suppose p - 5*p = -w. What is the units digit of p?
3
Suppose -3*p - 1 = 2*v - 5, 0 = -3*p - 12. Let k = v + -5. Suppose 0*z - k*z + 21 = 0. What is the units digit of z?
7
Suppose 5*k - 42 = -j - j, k + 5*j = -10. Suppose v = k + 11. What is the tens digit of v?
2
Let h be -4 + 4 + (2 - -2). Suppose 2*c - h*c = -10. Suppose r = 2*r - c. What is the units digit of r?
5
Let b(d) = 5*d + 7. Let i be b(-5). Let p be (13/4 + -1)*-12. Let l = i - p. What is the units digit of l?
9
Let g(d) = -d**2 - 10*d + 15. Let q be g(-11). Suppose -q*x = k - 88, x + 7 = 3*k + 16. What is the tens digit of x?
2
Let l = -73 - -113. Suppose l = 2*s - 16. What is the units digit of s?
8
Let z(h) = -4*h - 3. Let s be z(-9). Suppose 3*f - s = -0*f. What is the tens digit of f?
1
What is the tens digit of ((-99)/(-27))/(2/30)?
5
Let f be ((-2)/(-6))/((-3)/(-45)). Suppose v = f*v - 12. What is the units digit of v?
3
Suppose 5*g = r - 36 + 118, -r - 14 = -g. What is the tens digit of g?
1
Let g = 7 + -24. Let w = 22 - g. What is the tens digit of w?
3
Let f = -2 + 30. What is the units digit of f?
8
Let g(y) = 8*y**2 + 2*y + 2. What is the units digit of g(-2)?
0
Let z = 21 + -11. Let k = z - 6. Let i = 6 - k. What is the units digit of i?
2
Let p = 26 + -18. Suppose 0 = -3*r + x + 35, -5*r - 5*x = -57 - p. What is the tens digit of r?
1
Let p = 22 - 1. Suppose 3*d - 4*j - 1 = 20, 2*d - 5*j = p. What is the units digit of (-27)/6*(-4)/d?
6
Suppose 3*v + 17 = q, 3*q + 4*v = -5 - 9. Suppose 5*d - x = 53 - 5, -d + q*x = -6. What is the units digit 